at are the prime factors of 33328637?
103, 323579
List the prime factors of 52749848.
2, 31, 212701
What are the prime factors of 314753401?
197, 229, 6977
List the prime factors of 9322666.
2, 4661333
List the prime factors of 5004160224.
2, 3, 7, 157, 47431
List the prime factors of 12989169.
3, 41, 35201
List the prime factors of 277033902.
2, 3, 46172317
List the prime factors of 650018985.
3, 5, 7, 11, 23, 24469
List the prime factors of 70228607.
211, 332837
What are the prime factors of 3646783169?
17, 214516657
List the prime factors of 1138605142.
2, 3779, 150649
List the prime factors of 16063494.
2, 3, 839, 3191
What are the prime factors of 1255709646?
2, 3, 73, 911, 1049
What are the prime factors of 877549963?
193, 4546891
List the prime factors of 18091028.
2, 607, 7451
What are the prime factors of 3572588518?
2, 1786294259
What are the prime factors of 777714124?
2, 11, 1571, 11251
List the prime factors of 1693982233.
1693982233
What are the prime factors of 1820753400?
2, 3, 5, 29, 269, 389
List the prime factors of 37671193.
7, 5381599
List the prime factors of 7973530635.
3, 5, 7, 23, 43, 1567
What are the prime factors of 229173153?
3, 11, 37, 113, 151
List the prime factors of 2017090294.
2, 23, 61, 449, 1601
What are the prime factors of 2193261933?
3, 127, 5756593
List the prime factors of 612242675.
5, 11, 17, 173, 757
List the prime factors of 406126285.
5, 929, 87433
What are the prime factors of 156793539?
3, 7, 7466359
What are the prime factors of 1075201973?
1075201973
List the prime factors of 143381744.
2, 11, 839, 971
What are the prime factors of 1065555745?
5, 213111149
What are the prime factors of 119722836?
2, 3, 43, 67, 3463
What are the prime factors of 1920221082?
2, 3, 13, 8206073
What are the prime factors of 935657926?
2, 7, 19, 97, 36263
What are the prime factors of 3354413104?
2, 7, 23, 1302179
What are the prime factors of 1178679173?
7, 17, 421, 3361
List the prime factors of 300422133.
3, 11, 61, 49747
List the prime factors of 1489245218.
2, 744622609
List the prime factors of 32543542.
2, 17, 19, 50377
List the prime factors of 2581062.
2, 3, 11, 39107
List the prime factors of 1245371219.
1245371219
List the prime factors of 713553013.
47, 15181979
List the prime factors of 682484189.
31, 2111, 10429
What are the prime factors of 233509789?
233509789
What are the prime factors of 70459712?
2, 1100933
What are the prime factors of 733914140?
2, 5, 17, 19, 103, 1103
List the prime factors of 298553409.
3, 7, 11, 23, 18731
List the prime factors of 677741077.
13, 19, 179, 15329
List the prime factors of 3527518378.
2, 19, 853, 108827
What are the prime factors of 161195843?
53, 1523, 1997
List the prime factors of 214343925.
3, 5, 53, 53923
What are the prime factors of 227469217?
103, 2208439
What are the prime factors of 1278032069?
17, 2557, 29401
What are the prime factors of 1210006447?
13, 93077419
List the prime factors of 516631551.
3, 109, 151, 10463
What are the prime factors of 55458810?
2, 3, 5, 11, 71, 263
What are the prime factors of 50441288?
2, 131, 48131
What are the prime factors of 3531380397?
3, 3491, 337189
What are the prime factors of 1301778570?
2, 3, 5, 17, 2552507
What are the prime factors of 1543495822?
2, 11, 23, 499, 6113
What are the prime factors of 182060798?
2, 47, 1936817
What are the prime factors of 430387893?
3, 13, 3678529
List the prime factors of 44436003.
3, 19, 779579
List the prime factors of 5883981120.
2, 3, 5, 127, 16087
List the prime factors of 10131311.
10131311
List the prime factors of 1516082947.
127, 167, 71483
What are the prime factors of 6282072123?
3, 47, 953, 46751
What are the prime factors of 89667433?
59, 73, 109, 191
What are the prime factors of 246954190?
2, 5, 7, 3527917
What are the prime factors of 381117004?
2, 95279251
List the prime factors of 52855689.
3, 17618563
What are the prime factors of 1445174099?
1445174099
What are the prime factors of 223019210?
2, 5, 967, 23063
What are the prime factors of 203028209?
83, 211, 11593
What are the prime factors of 157962225?
3, 5, 479, 4397
What are the prime factors of 2342245329?
3, 17, 47, 36191
List the prime factors of 397940932.
2, 99485233
What are the prime factors of 8213285?
5, 1642657
What are the prime factors of 79017263?
13, 6078251
List the prime factors of 148622619.
3, 17, 23, 126703
What are the prime factors of 1001194886?
2, 43, 547, 21283
What are the prime factors of 5638766915?
5, 1127753383
What are the prime factors of 4553288?
2, 569161
What are the prime factors of 441433334?
2, 3727, 59221
What are the prime factors of 457448400?
2, 3, 5, 31, 4099
List the prime factors of 1332694079.
10247, 130057
List the prime factors of 58319071.
58319071
List the prime factors of 4503530.
2, 5, 71, 6343
List the prime factors of 85161319.
257, 331367
What are the prime factors of 242811415?
5, 7, 11, 61, 211
List the prime factors of 180743124.
2, 3, 19, 83, 9551
List the prime factors of 774141263.
7, 19, 5820611
List the prime factors of 20955472.
2, 1309717
What are the prime factors of 2201343738?
2, 3, 11, 33353693
What are the prime factors of 55702518?
2, 3, 41, 226433
List the prime factors of 10729648.
2, 67, 10009
List the prime factors of 3144283.
3144283
What are the prime factors of 21406539?
3, 7, 11, 92669
What are the prime factors of 1711725969?
3, 877, 650599
List the prime factors of 7526499.
3, 2508833
What are the prime factors of 7451428?
2, 1862857
List the prime factors of 5725963094.
2, 47, 1217, 50053
What are the prime factors of 2198199264?
2, 3, 22897909
What are the prime factors of 161277293?
1367, 117979
What are the prime factors of 2000880502?
2, 83, 12053497
What are the prime factors of 87463823?
79, 83, 13339
What are the prime factors of 46644759?
3, 7, 23, 32191
What are the prime factors of 57075412?
2, 14268853
What are the prime factors of 66291042?
2, 3, 29, 380983
List the prime factors of 40180145.
5, 1973, 4073
What are the prime factors of 12265647?
3, 23, 177763
List the prime factors of 51042876.
2, 3, 4253573
What are the prime factors of 8921581?
8921581
What are the prime factors of 16704822?
2, 3, 2784137
List the prime factors of 698057676.
2, 3, 2154499
What are the prime factors of 39208526?
2, 7, 400087
List the prime factors of 53821541.
17, 23, 179, 769
What are the prime factors of 325526261?
325526261
List the prime factors of 50899415.
5, 7, 617, 2357
What are the prime factors of 33415373?
61, 241, 2273
What are the prime factors of 7650187893?
3, 2399, 354323
List the prime factors of 61620459.
3, 157, 130829
List the prime factors of 80389982.
2, 83, 271, 1787
What are the prime factors of 3072777686?
2, 11, 9151, 15263
List the prime factors of 263215128.
2, 3, 11, 23, 67, 647
What are the prime factors of 2214958068?
2, 3, 61, 336211
What are the prime factors of 833259838?
2, 67, 6218357
What are the prime factors of 6569495264?
2, 107, 1918661
What are the prime factors of 240738635?
5, 61, 71, 11117
What are the prime factors of 2771399756?
2, 41, 211, 283
What are the prime factors of 106008855?
3, 5, 17, 415721
List the prime factors of 91208154.
2, 3, 1499, 10141
What are the prime factors of 136505538?
2, 3, 13, 19, 30703
What are the prime factors of 38355415?
5, 7, 317, 3457
List the prime factors of 1627133072.
2, 43, 53, 44623
What are the prime factors of 8173906100?
2, 5, 81739061
What are the prime factors of 211288612?
2, 52822153
What are the prime factors of 33675215?
5, 7, 17, 56597
What are the prime factors of 297228940?
2, 5, 47, 316201
What are the prime factors of 48174712?
2, 6021839
What are the prime factors of 563238304?
2, 17601197
What are the prime factors of 493545488?
2, 4517, 6829
What are the prime factors of 1254156920?
2, 5, 43, 67, 10883
What are the prime factors of 276570561?
3, 23, 31, 239, 541
What are the prime factors of 15231450?
2, 3, 5, 13, 73, 107
List the prime factors of 12339463.
37, 167, 1997
What are the prime factors of 123756288?
2, 3, 161141
List the prime factors of 473432902.
2, 9871, 23981
List the prime factors of 178474035.
3, 5, 79, 150611
List the prime factors of 1563530451.
3, 7, 1499, 49669
List the prime factors of 2718197005.